{"id":159,"date":"2019-04-27T11:01:16","date_gmt":"2019-04-27T09:01:16","guid":{"rendered":"https:\/\/lewebpedagogique.com\/laclassedeselin\/?page_id=159"},"modified":"2019-04-27T11:01:16","modified_gmt":"2019-04-27T09:01:16","slug":"cartes-lexique","status":"publish","type":"page","link":"https:\/\/classedeselin.com\/index.php\/albums\/cartes-lexique\/","title":{"rendered":"Cartes lexique"},"content":{"rendered":"<p>Les enfants, surtout ceux peu francophones, sont souvent bloqu\u00e9s dans la compr\u00e9hension d&rsquo;un album par le lexique qu&rsquo;ils ne connaissent pas.<\/p>\n<p>Voici donc quelques cartes de lexique pour certains albums. Vous pouvez vous inspirer de Narramus pour les utiliser.<\/p>\n<p>En les imprimant dans un format plus petit, vous pouvez vous en servir comme cartes de m\u00e9mory par exemple.<\/p>\n<p>Je souhaite mettre en place dans ma classe, pour chaque \u00e9l\u00e8ve, un carnet r\u00e9capitulatif des diff\u00e9rents mots de lexique appris sur la p\u00e9riode ou l&rsquo;ann\u00e9e et ai donc regroup\u00e9 le lexique sur des fiches avec <span style=\"text-decoration: underline\"><a href=\"https:\/\/lewebpedagogique.com\/laclassedeselin\/2019\/02\/25\/lire-les-qr-codes\/\">qr-code Mirage Make.<\/a><\/span><\/p>\n<figure id=\"attachment_184\" aria-describedby=\"caption-attachment-184\" style=\"width: 300px\" class=\"wp-caption aligncenter\"><img loading=\"lazy\" decoding=\"async\" class=\"size-medium wp-image-184\" src=\"https:\/\/lewebpedagogique.com\/laclassedeselin\/files\/2019\/07\/cartes_lexique_mr_zouglouglou_qrcode_classe_selin-300x219.jpg\" alt=\"\" width=\"300\" height=\"219\" \/><figcaption id=\"caption-attachment-184\" class=\"wp-caption-text\">Cartes Lexique Le bateau de Monsieur Zouglouglou<\/figcaption><\/figure>\n<p><span style=\"text-decoration: underline\"><strong>Les cartes de lexique des albums :<\/strong><\/span><\/p>\n<p><span style=\"text-decoration: underline\"><a href=\"https:\/\/lewebpedagogique.com\/laclassedeselin\/2019\/04\/27\/les-cartes-lexiques-le-loup-et-les-7-chevreaux\/\" target=\"_blank\" rel=\"noopener\">Le loup et les 7 chevreaux (version Nathan)<\/a><\/span><\/p>\n<p><span style=\"text-decoration: underline\"><a href=\"https:\/\/lewebpedagogique.com\/laclassedeselin\/2019\/07\/16\/les-cartes-lexique-le-bateau-de-monsieur-zouglouglou\/\" target=\"_blank\" rel=\"noopener\">Le bateau de Monsieur Zouglouglou<\/a><\/span><\/p>\n","protected":false},"excerpt":{"rendered":"<p>Les enfants, surtout ceux peu francophones, sont souvent bloqu\u00e9s dans la compr\u00e9hension d&rsquo;un album par le lexique qu&rsquo;ils ne connaissent pas. Voici donc quelques cartes de lexique pour certains albums. Vous pouvez vous inspirer de Narramus pour les utiliser. En les imprimant dans un format plus petit, vous pouvez vous en servir comme cartes de [&hellip;]<\/p>\n","protected":false},"author":2,"featured_media":0,"parent":941,"menu_order":2,"comment_status":"closed","ping_status":"closed","template":"","meta":{"footnotes":""},"class_list":["post-159","page","type-page","status-publish","hentry"],"_links":{"self":[{"href":"https:\/\/classedeselin.com\/index.php\/wp-json\/wp\/v2\/pages\/159","targetHints":{"allow":["GET"]}}],"collection":[{"href":"https:\/\/classedeselin.com\/index.php\/wp-json\/wp\/v2\/pages"}],"about":[{"href":"https:\/\/classedeselin.com\/index.php\/wp-json\/wp\/v2\/types\/page"}],"author":[{"embeddable":true,"href":"https:\/\/classedeselin.com\/index.php\/wp-json\/wp\/v2\/users\/2"}],"replies":[{"embeddable":true,"href":"https:\/\/classedeselin.com\/index.php\/wp-json\/wp\/v2\/comments?post=159"}],"version-history":[{"count":0,"href":"https:\/\/classedeselin.com\/index.php\/wp-json\/wp\/v2\/pages\/159\/revisions"}],"up":[{"embeddable":true,"href":"https:\/\/classedeselin.com\/index.php\/wp-json\/wp\/v2\/pages\/941"}],"wp:attachment":[{"href":"https:\/\/classedeselin.com\/index.php\/wp-json\/wp\/v2\/media?parent=159"}],"curies":[{"name":"wp","href":"https:\/\/api.w.org\/{rel}","templated":true}]}}