{"id":197,"date":"2019-10-20T14:08:35","date_gmt":"2019-10-20T12:08:35","guid":{"rendered":"https:\/\/lewebpedagogique.com\/laclassedeselin\/?page_id=197"},"modified":"2025-03-08T14:06:02","modified_gmt":"2025-03-08T13:06:02","slug":"porte-vues-lexique","status":"publish","type":"page","link":"https:\/\/classedeselin.com\/index.php\/porte-vues-lexique\/","title":{"rendered":"Porte-vues Lexique"},"content":{"rendered":"\n<p>Le \u00ab\u00a0porte-vues lexique\u00a0\u00bb est un outil pour aider les familles peu ou pas francophones dans le suivi de leur enfant.<\/p>\n\n\n\n<p>Il est n\u00e9 du constat que certains parents souhaitent aider leur enfant dans l&rsquo;apprentissage du fran\u00e7ais mais ne se sentent pas l\u00e9gitimes pour le faire en raison de leur niveau qu&rsquo;ils jugent trop faible. L&rsquo;id\u00e9e est donc de leur permettre, gr\u00e2ce \u00e0 l&rsquo;utilisation de qr-codes, d&rsquo;avoir la \u00ab\u00a0bonne\u00a0\u00bb prononciation des mots.<\/p>\n\n\n<div class=\"wp-block-image\">\n<figure class=\"aligncenter size-full is-resized\"><img loading=\"lazy\" decoding=\"async\" width=\"849\" height=\"594\" src=\"https:\/\/classedeselin.com\/wp-content\/uploads\/2024\/01\/mat_sco.jpg\" alt=\"\" class=\"wp-image-1779\" style=\"width:336px;height:auto\" srcset=\"https:\/\/classedeselin.com\/wp-content\/uploads\/2024\/01\/mat_sco.jpg 849w, https:\/\/classedeselin.com\/wp-content\/uploads\/2024\/01\/mat_sco-300x210.jpg 300w, https:\/\/classedeselin.com\/wp-content\/uploads\/2024\/01\/mat_sco-768x537.jpg 768w\" sizes=\"auto, (max-width: 849px) 100vw, 849px\" \/><\/figure>\n<\/div>\n\n\n<p>Il se d\u00e9cline le plus souvent en 3 niveaux : 1-d\u00e9butants \/ 2-interm\u00e9diaires \/ 3-avanc\u00e9s.<\/p>\n\n\n\n<p>Je le couple \u00e9galement avec des pages r\u00e9capitulant les chansons\/comptines apprises pendant la p\u00e9riode et quelques-uns des albums lus\/\u00e9tudi\u00e9s en classe.<\/p>\n\n\n<div class=\"wp-block-image\">\n<figure class=\"aligncenter size-full is-resized\"><img loading=\"lazy\" decoding=\"async\" width=\"713\" height=\"499\" src=\"https:\/\/classedeselin.com\/wp-content\/uploads\/2024\/01\/chansons.jpg\" alt=\"\" class=\"wp-image-1780\" style=\"width:309px;height:auto\" srcset=\"https:\/\/classedeselin.com\/wp-content\/uploads\/2024\/01\/chansons.jpg 713w, https:\/\/classedeselin.com\/wp-content\/uploads\/2024\/01\/chansons-300x210.jpg 300w\" sizes=\"auto, (max-width: 713px) 100vw, 713px\" \/><\/figure>\n<\/div>\n\n\n<p><a href=\"https:\/\/classedeselin.com\/index.php\/porte-vues-lexique\/lire-les-qr-codes\/\">Comment lire les qr-codes ?<\/a><\/p>\n\n\n\n<p>Lexique par th\u00e8me :<\/p>\n\n\n\n<p>A :<\/p>\n\n\n\n<ul class=\"wp-block-list\">\n<li>les aliments :<span style=\"text-decoration: underline;\"> <a href=\"https:\/\/ahp.li\/dec2a86fd182cfeccc1f.pdf\" target=\"_blank\" rel=\"noopener\">les fruits<\/a><\/span>, <a href=\"https:\/\/clineandrieu.podia.com\/viennoiseries-et-patisseries\" target=\"_blank\" rel=\"noreferrer noopener\">les viennoiseries et p\u00e2tisseries<\/a><\/li>\n\n\n\n<li>Arcimboldo : <a href=\"https:\/\/ahp.li\/0c1c091184cc69e9c9c2.pdf\" target=\"_blank\" rel=\"noopener\">portrait d&rsquo;automne (fruits et l\u00e9gumes)<\/a><\/li>\n<\/ul>\n\n\n\n<p>C :<\/p>\n\n\n\n<ul class=\"wp-block-list\">\n<li><span style=\"text-decoration: underline;\"><a href=\"https:\/\/ahp.li\/03bac32c7320e8430e41.pdf\" target=\"_blank\" rel=\"noopener\">les consignes<\/a><\/span><\/li>\n\n\n\n<li><span style=\"text-decoration: underline;\"><a href=\"https:\/\/ahp.li\/5ee6a5ed2ba877b31a72.pdf\" target=\"_blank\" rel=\"noopener\">les couleurs<\/a><\/span><a href=\"https:\/\/lewebpedagogique.com\/laclassedeselin\/files\/2019\/10\/recap_voc_couleurs_classe_selin.pdf\" target=\"_blank\" rel=\"noopener\">&nbsp;&nbsp;<\/a><\/li>\n\n\n\n<li><a href=\"https:\/\/ahp.li\/08ddc52e16c0e08067eb.pdf\" target=\"_blank\" rel=\"noopener\"><span style=\"text-decoration: underline;\">le corps<\/span><\/a><span style=\"text-decoration: underline;\">&nbsp;<\/span><\/li>\n<\/ul>\n\n\n\n<p>D :<\/p>\n\n\n\n<ul class=\"wp-block-list\">\n<li><span style=\"text-decoration: underline;\"><a href=\"https:\/\/ahp.li\/2c337aca62a3e2522f71.pdf\" target=\"_blank\" rel=\"noopener\">chez le docteur<\/a><\/span><\/li>\n<\/ul>\n\n\n\n<p>F :<\/p>\n\n\n\n<ul class=\"wp-block-list\">\n<li><span style=\"text-decoration: underline;\"><a href=\"https:\/\/ahp.li\/d212d86985522c054f60.pdf\" target=\"_blank\" rel=\"noopener\">la for\u00eat et l&rsquo;automne<\/a><\/span><\/li>\n\n\n\n<li><span style=\"text-decoration: underline;\"><a href=\"https:\/\/ahp.li\/c5013fd2902f4f1a2cff.pdf\" target=\"_blank\" rel=\"noopener\">les formes et les volumes<\/a><\/span><\/li>\n<\/ul>\n\n\n\n<p>H :<\/p>\n\n\n\n<ul class=\"wp-block-list\">\n<li><a href=\"https:\/\/ahp.li\/bfc3e497eb7f39a5d15b.pdf\" target=\"_blank\" rel=\"noopener\"><span style=\"text-decoration: underline;\">l&rsquo;hiver<\/span><\/a><\/li>\n<\/ul>\n\n\n\n<p>J :<\/p>\n\n\n\n<ul class=\"wp-block-list\">\n<li><span style=\"text-decoration: underline;\"><a href=\"https:\/\/ahp.li\/d63d4a9332c4abbc7318.pdf\" target=\"_blank\" rel=\"noopener\">les jouets&nbsp;<\/a><\/span><\/li>\n<\/ul>\n\n\n\n<p>M :<\/p>\n\n\n\n<ul class=\"wp-block-list\">\n<li>la maison :&nbsp;<span style=\"text-decoration: underline;\"><a href=\"https:\/\/ahp.li\/a07db38aa3dddbaa80ed.pdf\" target=\"_blank\" rel=\"noopener\">les pi\u00e8ces de la maison,<\/a><\/span>&nbsp;<a href=\"https:\/\/ahp.li\/2262e0fa5ec54f422654.pdf\" target=\"_blank\" rel=\"noreferrer noopener\"><span style=\"text-decoration: underline;\">les actions dans les pi\u00e8ces de la maison<\/span><\/a>&nbsp;, <a href=\"https:\/\/ahp.li\/d9f1c6bad1777604969f.pdf\" target=\"_blank\" rel=\"noopener\"><span style=\"text-decoration: underline;\">les objets de la cuisine<\/span><\/a>&nbsp;, <span style=\"text-decoration: underline;\"><a href=\"https:\/\/ahp.li\/3c6bb9ebb585b53859b7.pdf\" target=\"_blank\" rel=\"noopener\">les objets de la chambre<\/a><\/span>&nbsp;,<span style=\"text-decoration: underline;\"> <a href=\"https:\/\/ahp.li\/639aedd533a27f221fe3.pdf\" target=\"_blank\" rel=\"noopener\">les objets de la salle de bain<\/a><\/span> ,<span style=\"text-decoration: underline;\"> <a href=\"https:\/\/ahp.li\/f999ff2c1c850ff79f3e.pdf\" target=\"_blank\" rel=\"noopener\">les objets du salon<\/a><\/span> ,<span style=\"text-decoration: underline;\"> <a href=\"https:\/\/ahp.li\/0e3c57388610633a7673.pdf\" target=\"_blank\" rel=\"noopener\">les objets de l&rsquo;entr\u00e9e<\/a><\/span><\/li>\n\n\n\n<li><span style=\"text-decoration: underline;\"><a style=\"background-color: #ffffff;\" href=\"https:\/\/ahp.li\/fdafaa8af7f951ff556f.pdf\" target=\"_blank\" rel=\"noopener\">le mat\u00e9riel scolaire<\/a><\/span><\/li>\n\n\n\n<li><span style=\"text-decoration: underline;\"><a href=\"https:\/\/ahp.li\/7765f37bf7deba0ae34c.pdf\" target=\"_blank\" rel=\"noopener\">le mobilier scolaire<\/a><\/span><\/li>\n<\/ul>\n\n\n\n<p>N: No\u00ebl (<a href=\"https:\/\/ahp.li\/1da6672b8d52a0b62260.pdf\" target=\"_blank\" rel=\"noopener\"><span style=\"text-decoration: underline;\">version 1<\/span><\/a> \/ <a href=\"https:\/\/ahp.li\/5cf51213c878119613c5.pdf\" target=\"_blank\" rel=\"noopener\"><span style=\"text-decoration: underline;\">version 2<\/span><\/a>)<\/p>\n\n\n\n<p>S :<\/p>\n\n\n\n<ul class=\"wp-block-list\">\n<li><a href=\"https:\/\/ahp.li\/63175a0561511171252e.pdf\" target=\"_blank\" rel=\"noopener\">les sorci\u00e8res<\/a><\/li>\n<\/ul>\n\n\n\n<p>V:<\/p>\n\n\n\n<ul class=\"wp-block-list\">\n<li><a style=\"background-color: #ffffff;\" href=\"https:\/\/lewebpedagogique.com\/laclassedeselin\/2020\/02\/16\/porte-vues-lexique-vetements-et-accessoires\/\" target=\"_blank\" rel=\"noopener\"><span style=\"text-decoration: underline;\">les v\u00eatements et les accessoires<\/span><\/a><\/li>\n\n\n\n<li><a href=\"https:\/\/clineandrieu.podia.com\/viennoiseries-et-patisseries\" target=\"_blank\" rel=\"noreferrer noopener\">Viennoiseries et p\u00e2tisseries<\/a><\/li>\n<\/ul>\n\n\n\n<p>Lexique en lien avec un album :<\/p>\n\n\n\n<ul class=\"wp-block-list\">\n<li><a href=\"https:\/\/ahp.li\/1b12276fb37022314bdf.pdf\" target=\"_blank\" rel=\"noopener\"><span style=\"text-decoration: underline;\">Le loup et les 7 chevreaux<\/span><\/a><\/li>\n\n\n\n<li><a href=\"https:\/\/ahp.li\/8b4da2dd2ccbdc8ba223.pdf\" target=\"_blank\" rel=\"noopener\"><span style=\"text-decoration: underline;\">Le bateau de Mr Zouglouglou<\/span><\/a><\/li>\n<\/ul>\n\n\n\n<p><\/p>\n","protected":false},"excerpt":{"rendered":"<p>Le \u00ab\u00a0porte-vues lexique\u00a0\u00bb est un outil pour aider les familles peu ou pas francophones dans le suivi de leur enfant. Il est n\u00e9 du constat que certains parents souhaitent aider leur enfant dans l&rsquo;apprentissage du fran\u00e7ais mais ne se sentent pas l\u00e9gitimes pour le faire en raison de leur niveau qu&rsquo;ils jugent trop faible. L&rsquo;id\u00e9e [&hellip;]<\/p>\n","protected":false},"author":2,"featured_media":203,"parent":0,"menu_order":0,"comment_status":"closed","ping_status":"closed","template":"","meta":{"footnotes":""},"class_list":["post-197","page","type-page","status-publish","has-post-thumbnail","hentry"],"_links":{"self":[{"href":"https:\/\/classedeselin.com\/index.php\/wp-json\/wp\/v2\/pages\/197","targetHints":{"allow":["GET"]}}],"collection":[{"href":"https:\/\/classedeselin.com\/index.php\/wp-json\/wp\/v2\/pages"}],"about":[{"href":"https:\/\/classedeselin.com\/index.php\/wp-json\/wp\/v2\/types\/page"}],"author":[{"embeddable":true,"href":"https:\/\/classedeselin.com\/index.php\/wp-json\/wp\/v2\/users\/2"}],"replies":[{"embeddable":true,"href":"https:\/\/classedeselin.com\/index.php\/wp-json\/wp\/v2\/comments?post=197"}],"version-history":[{"count":6,"href":"https:\/\/classedeselin.com\/index.php\/wp-json\/wp\/v2\/pages\/197\/revisions"}],"predecessor-version":[{"id":2931,"href":"https:\/\/classedeselin.com\/index.php\/wp-json\/wp\/v2\/pages\/197\/revisions\/2931"}],"wp:featuredmedia":[{"embeddable":true,"href":"https:\/\/classedeselin.com\/index.php\/wp-json\/"}],"wp:attachment":[{"href":"https:\/\/classedeselin.com\/index.php\/wp-json\/wp\/v2\/media?parent=197"}],"curies":[{"name":"wp","href":"https:\/\/api.w.org\/{rel}","templated":true}]}}