{"id":1982,"date":"2024-02-24T12:51:06","date_gmt":"2024-02-24T11:51:06","guid":{"rendered":"https:\/\/classedeselin.com\/?page_id=1982"},"modified":"2024-03-11T14:33:11","modified_gmt":"2024-03-11T13:33:11","slug":"le-jeu-de-la-marchande","status":"publish","type":"page","link":"https:\/\/classedeselin.com\/index.php\/jeux-de-langage\/types-de-jeux\/le-jeu-de-la-marchande\/","title":{"rendered":"Le jeu de la marchande"},"content":{"rendered":"\n<p>Les enfants, d\u00e8s leur plus jeune \u00e2ge, aiment jouer \u00e0 des jeux d&rsquo;imitation : faire comme les \u00ab\u00a0grands\u00a0\u00bb.  Tous les espaces \u00e0 sc\u00e9nario sont alors de r\u00e9els supports d&rsquo;apprentissage du langage (coin docteur, marchande, cuisine, construction, etc)<\/p>\n\n\n\n<div class=\"wp-block-columns is-layout-flex wp-container-core-columns-is-layout-9d6595d7 wp-block-columns-is-layout-flex\">\n<div class=\"wp-block-column is-layout-flow wp-block-column-is-layout-flow\" style=\"flex-basis:33.33%\">\n<figure class=\"wp-block-image size-full\"><img loading=\"lazy\" decoding=\"async\" width=\"736\" height=\"552\" src=\"https:\/\/classedeselin.com\/wp-content\/uploads\/2024\/02\/Maison-Maternelle.jpeg\" alt=\"\" class=\"wp-image-2028\" srcset=\"https:\/\/classedeselin.com\/wp-content\/uploads\/2024\/02\/Maison-Maternelle.jpeg 736w, https:\/\/classedeselin.com\/wp-content\/uploads\/2024\/02\/Maison-Maternelle-300x225.jpeg 300w\" sizes=\"auto, (max-width: 736px) 100vw, 736px\" \/><\/figure>\n<\/div>\n\n\n\n<div class=\"wp-block-column is-layout-flow wp-block-column-is-layout-flow\" style=\"flex-basis:66.66%\">\n<p><\/p>\n\n\n\n<p>L&rsquo;un d&rsquo;entre eux est souvent appel\u00e9 \u00ab\u00a0le jeu de la marchande\u00a0\u00bb et peut facilement \u00eatre mis en place en classe, quelque soit le niveau et l&rsquo;\u00e2ge des \u00e9l\u00e8ves. Au niveau espace, il suffit de pousser quelques tables et le tour est jou\u00e9 !<\/p>\n<\/div>\n<\/div>\n\n\n\n<h3 class=\"wp-block-heading\">Quelles comp\u00e9tences les \u00e9l\u00e8ves vont-ils travailler ?<\/h3>\n\n\n\n<p>Ce jeu fait intervenir beaucoup de lexique : \u00e0 la fois celui du th\u00e8me travaill\u00e9 mais aussi les formules de politesse, le lexique du march\u00e9\/supermarch\u00e9 et bien s\u00fbr les couleurs et les nombres.<\/p>\n\n\n\n<p style=\"text-decoration:underline\">CECR : Parler en continu<br>Cycle1 : Comprendre et apprendre : S\u2019exprimer dans un langage syntaxiquement correct et pr\u00e9cis :<\/p>\n\n\n\n<ul class=\"wp-block-list\">\n<li>Nommer le lexique retenu pour cette le\u00e7on<\/li>\n\n\n\n<li>Nommer les couleurs et les nombres<\/li>\n\n\n\n<li><strong>Utiliser les formules de politesse :<\/strong><br><em>Bonjour, s\u2019il-vous-plait, merci, au revoir, Monsieur, Madame<\/em><\/li>\n\n\n\n<li><strong>Nommer des objets de la marchande :<\/strong><br><em>un marchand, une marchande, un client, un panier, un porte-monnaie, de l\u2019argent, les courses, la liste des courses, les pi\u00e8ces, la caisse<\/em><\/li>\n<\/ul>\n\n\n\n<p>Avec ce jeu, les \u00e9l\u00e8ves travaillent aussi la syntaxe grammaticale<\/p>\n\n\n\n<p style=\"text-decoration:underline\">CECR : Parler en continu<br>Cycle1 : Comprendre et apprendre : S\u2019exprimer dans un langage syntaxiquement correct et pr\u00e9cis :<\/p>\n\n\n\n<ul class=\"wp-block-list\">\n<li><strong>Poser une question  :<\/strong><br><em>Qu&rsquo;est-ce que vous voulez ? Combien \u00e7a co\u00fbte ?<\/em><\/li>\n\n\n\n<li><strong>Faire une phrase :<\/strong><br><em>\u00ab\u00a0Je voudrais&nbsp;\u00bb + d\u00e9terminant + nom. \/ \u00ab\u00a0Je voudrais acheter&nbsp;\u00bb + d\u00e9terminant + nom + couleur.<br>\u00ab\u00a0\u00c7a co\u00fbte\u00a0\u00bb + quantit\u00e9 + \u00ab\u00a0pi\u00e8ces\/euros\u00a0\u00bb.<\/em><\/li>\n<\/ul>\n\n\n\n<p style=\"text-decoration:underline\">CECR : Comprendre, r\u00e9agir, parler en interaction orale<br>Cycle 1 : Comprendre et apprendre :<\/p>\n\n\n\n<ul class=\"wp-block-list\">\n<li><strong>Mettre l\u2019intonation pour marquer une question<\/strong><\/li>\n<\/ul>\n\n\n\n<p style=\"text-decoration:underline\">CECR : Comprendre, r\u00e9agir, parler en interaction orale<br>Cycle 1 : Echanger et r\u00e9fl\u00e9chir avec les autres :<\/p>\n\n\n\n<ul class=\"wp-block-list\">\n<li><strong>Poser des questions :<\/strong> <br><em>De quelle couleur ? Combien ? Lequel ? Combien \u00e7a co\u00fbte ?<\/em><\/li>\n\n\n\n<li><strong>Rester dans le sujet de l\u2019\u00e9change<\/strong><\/li>\n<\/ul>\n\n\n\n<h3 class=\"wp-block-heading\">Comment joue-t-on au jeu de la marchande ?<\/h3>\n\n\n\n<div class=\"wp-block-columns is-layout-flex wp-container-core-columns-is-layout-9d6595d7 wp-block-columns-is-layout-flex\">\n<div class=\"wp-block-column is-layout-flow wp-block-column-is-layout-flow\" style=\"flex-basis:33.33%\"><div class=\"wp-block-image\">\n<figure class=\"aligncenter size-large is-resized\"><img loading=\"lazy\" decoding=\"async\" width=\"768\" height=\"1024\" src=\"https:\/\/classedeselin.com\/wp-content\/uploads\/2024\/02\/marchande2-768x1024.jpg\" alt=\"\" class=\"wp-image-2026\" style=\"width:161px;height:auto\" srcset=\"https:\/\/classedeselin.com\/wp-content\/uploads\/2024\/02\/marchande2-768x1024.jpg 768w, https:\/\/classedeselin.com\/wp-content\/uploads\/2024\/02\/marchande2-225x300.jpg 225w, https:\/\/classedeselin.com\/wp-content\/uploads\/2024\/02\/marchande2-1152x1536.jpg 1152w, https:\/\/classedeselin.com\/wp-content\/uploads\/2024\/02\/marchande2-1536x2048.jpg 1536w, https:\/\/classedeselin.com\/wp-content\/uploads\/2024\/02\/marchande2-scaled.jpg 1920w\" sizes=\"auto, (max-width: 768px) 100vw, 768px\" \/><\/figure>\n<\/div><\/div>\n\n\n\n<div class=\"wp-block-column is-layout-flow wp-block-column-is-layout-flow\" style=\"flex-basis:66.66%\">\n<p><\/p>\n\n\n\n<p>Il s&rsquo;agit d&rsquo;un jeu \u00e0 sc\u00e9nario : un vendeur et un acheteur. L&rsquo;acheteur dispose d&rsquo;une liste d&rsquo;objets \u00e0 acheter qu&rsquo;il va demander \u00e0 l&rsquo;acheteur. Le vendeur et l&rsquo;acheteur doivent dialoguer en posant des questions et en r\u00e9pondant par des phrases.<\/p>\n<\/div>\n<\/div>\n\n\n\n<div class=\"wp-block-columns is-layout-flex wp-container-core-columns-is-layout-9d6595d7 wp-block-columns-is-layout-flex\">\n<div class=\"wp-block-column is-layout-flow wp-block-column-is-layout-flow\" style=\"flex-basis:66.66%\">\n<p><\/p>\n\n\n\n<p>Il y a la possibilit\u00e9 d&rsquo;ajouter de l&rsquo;argent ou des jetons pour travailler la num\u00e9ration. Pour les plus jeunes, je leur dis un objet = une pi\u00e8ce.<\/p>\n<\/div>\n\n\n\n<div class=\"wp-block-column is-layout-flow wp-block-column-is-layout-flow\" style=\"flex-basis:33.33%\"><div class=\"wp-block-image\">\n<figure class=\"aligncenter size-large is-resized\"><img loading=\"lazy\" decoding=\"async\" width=\"768\" height=\"1024\" src=\"https:\/\/classedeselin.com\/wp-content\/uploads\/2024\/02\/marchande1-768x1024.jpg\" alt=\"\" class=\"wp-image-2024\" style=\"width:158px;height:auto\" srcset=\"https:\/\/classedeselin.com\/wp-content\/uploads\/2024\/02\/marchande1-768x1024.jpg 768w, https:\/\/classedeselin.com\/wp-content\/uploads\/2024\/02\/marchande1-225x300.jpg 225w, https:\/\/classedeselin.com\/wp-content\/uploads\/2024\/02\/marchande1-1152x1536.jpg 1152w, https:\/\/classedeselin.com\/wp-content\/uploads\/2024\/02\/marchande1-1536x2048.jpg 1536w, https:\/\/classedeselin.com\/wp-content\/uploads\/2024\/02\/marchande1-scaled.jpg 1920w\" sizes=\"auto, (max-width: 768px) 100vw, 768px\" \/><\/figure>\n<\/div><\/div>\n<\/div>\n\n\n\n<p><\/p>\n\n\n\n<h3 class=\"wp-block-heading\">O\u00f9 trouver les jeux de la marchande ?<\/h3>\n\n\n\n<p>J&rsquo;ai centralis\u00e9 ci-dessous l&rsquo;ensemble des jeux de la marchande pr\u00e9sents sur le site (en t\u00e9l\u00e9chargement gratuit ou dans un dossier payant) :<\/p>\n\n\n\n<div class=\"wp-block-columns is-layout-flex wp-container-core-columns-is-layout-9d6595d7 wp-block-columns-is-layout-flex\">\n<div class=\"wp-block-column is-layout-flow wp-block-column-is-layout-flow\"><div class=\"wp-block-image\">\n<figure class=\"aligncenter size-full is-resized\"><a href=\"https:\/\/ahp.li\/fcb021553b7758353f2d.pdf\" target=\"_blank\" rel=\"noreferrer noopener\"><img loading=\"lazy\" decoding=\"async\" width=\"384\" height=\"532\" src=\"https:\/\/classedeselin.com\/wp-content\/uploads\/2024\/02\/classe_selin_marchande_matsco.jpg\" alt=\"\" class=\"wp-image-1985\" style=\"width:155px;height:auto\" srcset=\"https:\/\/classedeselin.com\/wp-content\/uploads\/2024\/02\/classe_selin_marchande_matsco.jpg 384w, https:\/\/classedeselin.com\/wp-content\/uploads\/2024\/02\/classe_selin_marchande_matsco-217x300.jpg 217w\" sizes=\"auto, (max-width: 384px) 100vw, 384px\" \/><\/a><\/figure>\n<\/div>\n\n\n<p class=\"has-text-align-center\"><a href=\"https:\/\/ahp.li\/fcb021553b7758353f2d.pdf\" target=\"_blank\" rel=\"noreferrer noopener\">La marchande du mat\u00e9riel scolaire<\/a><\/p>\n<\/div>\n\n\n\n<div class=\"wp-block-column is-layout-flow wp-block-column-is-layout-flow\"><div class=\"wp-block-image\">\n<figure class=\"aligncenter size-full is-resized\"><a href=\"https:\/\/ahp.li\/e4f4af471bf7e479c34a.pdf\" target=\"_blank\" rel=\"noreferrer noopener\"><img loading=\"lazy\" decoding=\"async\" width=\"598\" height=\"876\" src=\"https:\/\/classedeselin.com\/wp-content\/uploads\/2024\/02\/Capture-decran-2024-02-23-142709.png\" alt=\"\" class=\"wp-image-2021\" style=\"width:147px;height:auto\" srcset=\"https:\/\/classedeselin.com\/wp-content\/uploads\/2024\/02\/Capture-decran-2024-02-23-142709.png 598w, https:\/\/classedeselin.com\/wp-content\/uploads\/2024\/02\/Capture-decran-2024-02-23-142709-205x300.png 205w\" sizes=\"auto, (max-width: 598px) 100vw, 598px\" \/><\/a><\/figure>\n<\/div>\n\n\n<p class=\"has-text-align-center\"><a href=\"https:\/\/ahp.li\/e4f4af471bf7e479c34a.pdf\" target=\"_blank\" rel=\"noreferrer noopener\">La marchande des fruits<\/a><\/p>\n<\/div>\n\n\n\n<div class=\"wp-block-column is-layout-flow wp-block-column-is-layout-flow\"><\/div>\n<\/div>\n\n\n\n<div class=\"wp-block-columns is-layout-flex wp-container-core-columns-is-layout-9d6595d7 wp-block-columns-is-layout-flex\">\n<div class=\"wp-block-column is-layout-flow wp-block-column-is-layout-flow\"><div class=\"wp-block-image\">\n<figure class=\"aligncenter size-large is-resized\"><a href=\"https:\/\/clineandrieu.podia.com\/dossier-bonhomme-de-neige\" target=\"_blank\" rel=\"noreferrer noopener\"><img loading=\"lazy\" decoding=\"async\" width=\"700\" height=\"1024\" src=\"https:\/\/classedeselin.com\/wp-content\/uploads\/2024\/02\/5-700x1024.png\" alt=\"\" class=\"wp-image-1983\" style=\"width:143px;height:auto\" srcset=\"https:\/\/classedeselin.com\/wp-content\/uploads\/2024\/02\/5-700x1024.png 700w, https:\/\/classedeselin.com\/wp-content\/uploads\/2024\/02\/5-205x300.png 205w, https:\/\/classedeselin.com\/wp-content\/uploads\/2024\/02\/5.png 736w\" sizes=\"auto, (max-width: 700px) 100vw, 700px\" \/><\/a><\/figure>\n<\/div>\n\n\n<p class=\"has-text-align-center\"><a href=\"https:\/\/clineandrieu.podia.com\/dossier-bonhomme-de-neige\" target=\"_blank\" rel=\"noreferrer noopener\">La marchande des accessoires du bonhomme de neige<\/a><\/p>\n<\/div>\n\n\n\n<div class=\"wp-block-column is-layout-flow wp-block-column-is-layout-flow\"><div class=\"wp-block-image\">\n<figure class=\"aligncenter size-large is-resized\"><a href=\"https:\/\/clineandrieu.podia.com\/decorations-de-noel\" target=\"_blank\" rel=\"noreferrer noopener\"><img loading=\"lazy\" decoding=\"async\" width=\"700\" height=\"1024\" src=\"https:\/\/classedeselin.com\/wp-content\/uploads\/2023\/12\/8-1-700x1024.png\" alt=\"\" class=\"wp-image-1540\" style=\"width:142px;height:auto\" srcset=\"https:\/\/classedeselin.com\/wp-content\/uploads\/2023\/12\/8-1-700x1024.png 700w, https:\/\/classedeselin.com\/wp-content\/uploads\/2023\/12\/8-1-205x300.png 205w, https:\/\/classedeselin.com\/wp-content\/uploads\/2023\/12\/8-1.png 736w\" sizes=\"auto, (max-width: 700px) 100vw, 700px\" \/><\/a><\/figure>\n<\/div>\n\n\n<p class=\"has-text-align-center\"><a href=\"https:\/\/clineandrieu.podia.com\/decorations-de-noel\" target=\"_blank\" rel=\"noreferrer noopener\">La marchande des d\u00e9corations de No\u00ebl<\/a><\/p>\n\n\n\n<p class=\"has-text-align-center\" style=\"font-size:15px\"><a href=\"https:\/\/classedeselin.com\/index.php\/2023\/12\/07\/marchande_noel\/\" target=\"_blank\" rel=\"noreferrer noopener\"><em>Le t\u00e9moignage de Maud qui l&rsquo;a utilis\u00e9 en classe<\/em><\/a><\/p>\n<\/div>\n\n\n\n<div class=\"wp-block-column is-layout-flow wp-block-column-is-layout-flow\">\n<p class=\"has-text-align-center\"><\/p>\n<\/div>\n<\/div>\n\n\n\n<h3 class=\"wp-block-heading\">Pour aller plus loin<\/h3>\n\n\n\n<p>Il est tr\u00e8s int\u00e9ressant de prendre les enfants en photo pendant cette activit\u00e9 pour pouvoir les r\u00e9utiliser ensuite :<\/p>\n\n\n\n<div class=\"wp-block-columns is-layout-flex wp-container-core-columns-is-layout-9d6595d7 wp-block-columns-is-layout-flex\">\n<div class=\"wp-block-column is-layout-flow wp-block-column-is-layout-flow\">\n<figure class=\"wp-block-image size-large\"><img loading=\"lazy\" decoding=\"async\" width=\"1024\" height=\"697\" src=\"https:\/\/classedeselin.com\/wp-content\/uploads\/2024\/02\/Capture-decran-2024-02-23-130255-1024x697.png\" alt=\"\" class=\"wp-image-2019\" srcset=\"https:\/\/classedeselin.com\/wp-content\/uploads\/2024\/02\/Capture-decran-2024-02-23-130255-1024x697.png 1024w, https:\/\/classedeselin.com\/wp-content\/uploads\/2024\/02\/Capture-decran-2024-02-23-130255-300x204.png 300w, https:\/\/classedeselin.com\/wp-content\/uploads\/2024\/02\/Capture-decran-2024-02-23-130255-768x523.png 768w, https:\/\/classedeselin.com\/wp-content\/uploads\/2024\/02\/Capture-decran-2024-02-23-130255-75x50.png 75w, https:\/\/classedeselin.com\/wp-content\/uploads\/2024\/02\/Capture-decran-2024-02-23-130255.png 1037w\" sizes=\"auto, (max-width: 1024px) 100vw, 1024px\" \/><\/figure>\n<\/div>\n\n\n\n<div class=\"wp-block-column is-layout-flow wp-block-column-is-layout-flow\">\n<ul class=\"wp-block-list\">\n<li>projeter une photo et demander ce que chacune des personnes peut \u00eatre en train de dire<\/li>\n\n\n\n<li>faire un album-\u00e9cho<\/li>\n<\/ul>\n<\/div>\n<\/div>\n\n\n\n<p>On parle de marchande mais le plus souvent nos \u00e9l\u00e8ves ne vont pas au march\u00e9 ou dans une petite \u00e9picerie o\u00f9 quelqu&rsquo;un les servira. Le lieu le plus courant actuellement (hors internet) pour faire ses courses est le supermarch\u00e9. Forte de ce constat, il m&rsquo;est apparu indispensable de travailler sur ce th\u00e8me avec mes \u00e9l\u00e8ves. J&rsquo;ai donc cr\u00e9\u00e9 un <a href=\"https:\/\/clineandrieu.podia.com\/les-magasins\" target=\"_blank\" rel=\"noreferrer noopener\">dossier sur le th\u00e8me du supermarch\u00e9<\/a> qui, \u00e0 terme, sera r\u00e9parti en quatre sous-th\u00e8mes :<br>&#8211; les objets du supermarch\u00e9 (chariot, panier, balance, caisse, &#8230;)<br>&#8211; les verbes d&rsquo;action au supermarch\u00e9 (pousser le chariot, se servir, payer, peser, mettre dans son panier&#8230;)<br>&#8211; les diff\u00e9rents lieux et rayons (entr\u00e9e, charcuterie, poissonnerie, produits laitiers, caisse, &#8230;)<br>&#8211; les diff\u00e9rents contenants (bouteille, flacon, cannette, pack, cageot, paquet, bo\u00eete&#8230;)<\/p>\n\n\n\n<div class=\"wp-block-buttons is-content-justification-center is-layout-flex wp-container-core-buttons-is-layout-16018d1d wp-block-buttons-is-layout-flex\">\n<div class=\"wp-block-button\"><a class=\"wp-block-button__link wp-element-button\" href=\"https:\/\/clineandrieu.podia.com\/les-magasins\" target=\"_blank\" rel=\"noreferrer noopener\">Dossiers du supermarch\u00e9<\/a><\/div>\n<\/div>\n","protected":false},"excerpt":{"rendered":"<p>Les enfants, d\u00e8s leur plus jeune \u00e2ge, aiment jouer \u00e0 des jeux d&rsquo;imitation : faire comme les \u00ab\u00a0grands\u00a0\u00bb. Tous les espaces \u00e0 sc\u00e9nario sont alors de r\u00e9els supports d&rsquo;apprentissage du langage (coin docteur, marchande, cuisine, construction, etc) L&rsquo;un d&rsquo;entre eux est souvent appel\u00e9 \u00ab\u00a0le jeu de la marchande\u00a0\u00bb et peut facilement \u00eatre mis en place [&hellip;]<\/p>\n","protected":false},"author":1,"featured_media":0,"parent":926,"menu_order":1,"comment_status":"closed","ping_status":"closed","template":"","meta":{"footnotes":""},"class_list":["post-1982","page","type-page","status-publish","hentry"],"_links":{"self":[{"href":"https:\/\/classedeselin.com\/index.php\/wp-json\/wp\/v2\/pages\/1982","targetHints":{"allow":["GET"]}}],"collection":[{"href":"https:\/\/classedeselin.com\/index.php\/wp-json\/wp\/v2\/pages"}],"about":[{"href":"https:\/\/classedeselin.com\/index.php\/wp-json\/wp\/v2\/types\/page"}],"author":[{"embeddable":true,"href":"https:\/\/classedeselin.com\/index.php\/wp-json\/wp\/v2\/users\/1"}],"replies":[{"embeddable":true,"href":"https:\/\/classedeselin.com\/index.php\/wp-json\/wp\/v2\/comments?post=1982"}],"version-history":[{"count":18,"href":"https:\/\/classedeselin.com\/index.php\/wp-json\/wp\/v2\/pages\/1982\/revisions"}],"predecessor-version":[{"id":2037,"href":"https:\/\/classedeselin.com\/index.php\/wp-json\/wp\/v2\/pages\/1982\/revisions\/2037"}],"up":[{"embeddable":true,"href":"https:\/\/classedeselin.com\/index.php\/wp-json\/wp\/v2\/pages\/926"}],"wp:attachment":[{"href":"https:\/\/classedeselin.com\/index.php\/wp-json\/wp\/v2\/media?parent=1982"}],"curies":[{"name":"wp","href":"https:\/\/api.w.org\/{rel}","templated":true}]}}