{"id":957,"date":"2023-03-17T12:17:20","date_gmt":"2023-03-17T11:17:20","guid":{"rendered":"https:\/\/lewebpedagogique.com\/laclassedeselin\/?page_id=957"},"modified":"2023-11-04T21:27:49","modified_gmt":"2023-11-04T20:27:49","slug":"lexique-poesies","status":"publish","type":"page","link":"https:\/\/classedeselin.com\/index.php\/cycle-3\/lexique-poesies\/","title":{"rendered":"Lexique Po\u00e9sies"},"content":{"rendered":"\n<p>PAGE EN CONSTRUCTION<\/p>\n\n\n\n<p>Le lexique est pr\u00e9sent dans chaque activit\u00e9, chaque le\u00e7on, chaque action que nous demandons \u00e0 nos \u00e9l\u00e8ves. Et en po\u00e9sie ?<\/p>\n\n\n\n<p>Certains \u00e9l\u00e8ves vont apprendre par coeur sans mettre le moindre sens, d&rsquo;autres ne vont pas r\u00e9ussir \u00e0 m\u00e9moriser la po\u00e9sie car ils seront bloqu\u00e9s par le lexique inconnu.<\/p>\n\n\n\n<p>Partant de ce constat, <strong>j&rsquo;accompagne la d\u00e9couverte d&rsquo;une nouvelle po\u00e9sie par des s\u00e9ances de lexique<\/strong>. Vous trouverez donc ici des diaporamas d&rsquo;apprentissage du lexique et de v\u00e9rification de la compr\u00e9hension par des \u00ab\u00a0quizz\u00a0\u00bb ainsi que des pages du Porte-vues lexique (image, mot, d\u00e9finition).<\/p>\n\n\n\n<p><\/p>\n\n\n\n<figure class=\"wp-block-gallery has-nested-images columns-default is-cropped wp-block-gallery-1 is-layout-flex wp-block-gallery-is-layout-flex\">\n<figure class=\"wp-block-image size-large\"><img decoding=\"async\" data-id=\"983\" src=\"https:\/\/lewebpedagogique.com\/laclassedeselin\/files\/2023\/03\/diaporama1-2-1024x702.png\" alt=\"\" class=\"wp-image-983\"\/><\/figure>\n\n\n\n<figure class=\"wp-block-image size-large\"><img decoding=\"async\" data-id=\"984\" src=\"https:\/\/lewebpedagogique.com\/laclassedeselin\/files\/2023\/03\/diaporama2-2-1024x702.png\" alt=\"\" class=\"wp-image-984\"\/><\/figure>\n\n\n\n<figure class=\"wp-block-image size-full\"><img decoding=\"async\" data-id=\"998\" src=\"https:\/\/lewebpedagogique.com\/laclassedeselin\/files\/2023\/03\/porte_vues_lexique_hiboux_desnos_classe_selin-5.png\" alt=\"\" class=\"wp-image-998\"\/><\/figure>\n<\/figure>\n\n\n\n<p><\/p>\n\n\n\n<ul class=\"wp-block-list\">\n<li><strong><a href=\"https:\/\/lewebpedagogique.com\/laclassedeselin\/2023\/03\/17\/poesie-les-hiboux-robert-desnos\/\" target=\"_blank\" rel=\"noreferrer noopener\">les hiboux (Robert Desnos)<\/a><\/strong><\/li>\n<\/ul>\n\n\n\n<p><\/p>\n","protected":false},"excerpt":{"rendered":"<p>PAGE EN CONSTRUCTION Le lexique est pr\u00e9sent dans chaque activit\u00e9, chaque le\u00e7on, chaque action que nous demandons \u00e0 nos \u00e9l\u00e8ves. Et en po\u00e9sie ? Certains \u00e9l\u00e8ves vont apprendre par coeur sans mettre le moindre sens, d&rsquo;autres ne vont pas r\u00e9ussir \u00e0 m\u00e9moriser la po\u00e9sie car ils seront bloqu\u00e9s par le lexique inconnu. Partant de ce [&hellip;]<\/p>\n","protected":false},"author":2,"featured_media":0,"parent":932,"menu_order":2,"comment_status":"closed","ping_status":"closed","template":"","meta":{"footnotes":""},"class_list":["post-957","page","type-page","status-publish","hentry"],"_links":{"self":[{"href":"https:\/\/classedeselin.com\/index.php\/wp-json\/wp\/v2\/pages\/957","targetHints":{"allow":["GET"]}}],"collection":[{"href":"https:\/\/classedeselin.com\/index.php\/wp-json\/wp\/v2\/pages"}],"about":[{"href":"https:\/\/classedeselin.com\/index.php\/wp-json\/wp\/v2\/types\/page"}],"author":[{"embeddable":true,"href":"https:\/\/classedeselin.com\/index.php\/wp-json\/wp\/v2\/users\/2"}],"replies":[{"embeddable":true,"href":"https:\/\/classedeselin.com\/index.php\/wp-json\/wp\/v2\/comments?post=957"}],"version-history":[{"count":1,"href":"https:\/\/classedeselin.com\/index.php\/wp-json\/wp\/v2\/pages\/957\/revisions"}],"predecessor-version":[{"id":1208,"href":"https:\/\/classedeselin.com\/index.php\/wp-json\/wp\/v2\/pages\/957\/revisions\/1208"}],"up":[{"embeddable":true,"href":"https:\/\/classedeselin.com\/index.php\/wp-json\/wp\/v2\/pages\/932"}],"wp:attachment":[{"href":"https:\/\/classedeselin.com\/index.php\/wp-json\/wp\/v2\/media?parent=957"}],"curies":[{"name":"wp","href":"https:\/\/api.w.org\/{rel}","templated":true}]}}